nd m.
9
Let p(o) = 8*o**2 - 45*o - 185. Let v(f) = -3*f**2 + 23*f + 92. Let d(s) = -2*p(s) - 5*v(s). Let a be d(-20). What is the highest common divisor of 10 and a?
10
Suppose 252 = 11*h + 65 - 671. Calculate the highest common divisor of h and 300.
6
Let w = 16773 - 16757. Calculate the highest common factor of 5584 and w.
16
Let x = -10092 + 10179. What is the highest common factor of 26448 and x?
87
Suppose 3*w - 9 = 3*j, -2*j = 2*j + 4*w + 52. Let h be (22/(-6))/(j/9360*6). Calculate the highest common factor of h and 55.
55
Let p(i) = -132*i - 2367. Let f be p(-18). What is the highest common factor of f and 11727?
9
Let a = 569 + -568. Let y be ((-27)/36)/a*-92. What is the greatest common factor of y and 253?
23
Let a(v) = -v**3 + v**2 + 9*v + 3. Let o be a(0). Suppose -641 = o*g - 3371. Calculate the greatest common divisor of g and 70.
70
Let v = 236 + -65. Suppose -57 = -451*c + 448*c. Calculate the greatest common factor of c and v.
19
Suppose 26*q - 29*q + 2*h + 619 = 0, -1017 = -5*q - 4*h. What is the greatest common divisor of q and 62935?
205
Suppose 2*a - 16 = -0*a + 3*d, 0 = a + 5*d + 18. Suppose 0 = a*i - 3 + 5. Let p be ((-117)/6)/(i/2 + 0). Calculate the highest common factor of 39 and p.
39
Suppose -1281*t = -1248*t - 15048. Calculate the highest common divisor of t and 216.
24
Suppose 4*z = -m + 261 - 10, -3*m + 4*z = -737. Let v = 311 - m. What is the greatest common divisor of 16 and v?
16
Let f = 4860 + -4756. Calculate the highest common factor of f and 16.
8
Suppose -90 - 84 - 42 = -8*b. What is the greatest common factor of 1791 and b?
9
Let s(r) = 3*r**3 - 5*r**2 + 33*r - 120. Let i be s(4). What is the highest common factor of i and 7502?
62
Let u(h) = -51*h + 54. Let z be u(-6). Let d be 3/(-3) - 11/((-33)/z). Calculate the highest common divisor of 14 and d.
7
Let k = -2503 - -5394. What is the highest common divisor of 98 and k?
49
Let q(a) = -10*a**3 - 2*a**2 + 2*a. Let v be q(2). Let f = -57 - v. Let t be 2 + (-13269)/(-45) - 4/(-30). What is the highest common divisor of f and t?
27
Let z(s) = -2*s**2 - 2*s + 181. Let g be z(-9). What is the highest common divisor of g and 4107?
37
Suppose -30 = -5*d - 30. Suppose 14*n - 1995 + 329 = d. Calculate the highest common divisor of 7 and n.
7
Suppose 7 = -3*r + 103. Let z(b) = 2*b + 88. Let l be (-5 - 231/(-35))*10/4. Let d be z(l). Calculate the greatest common divisor of r and d.
32
Let b be (225/(-10))/(90/(-3900)). Calculate the highest common factor of 39 and b.
39
Let o(s) = 2*s + 40. Let z be o(28). Suppose -z = -12*i - 0*i. Let g be (20/45)/(-2) + (-2452)/(-18). What is the greatest common divisor of g and i?
8
Suppose 0 = -3*u + 9 + 36. Let t be 6 - (4/2 - 0). Suppose -l = 3*l - 16, -5*r + t*l + 284 = 0. What is the greatest common factor of u and r?
15
Suppose q = a - 1297, -11*a - 6*a - q = -22103. Calculate the greatest common factor of 416 and a.
52
Let d be (328 - 334) + (-2)/(2/(-37)). Calculate the greatest common divisor of 13609 and d.
31
Let k = -1608 - -1615. Suppose 0 = 2*t - 5*p - 79 - 87, 2*t - 180 = -2*p. Suppose h + k*h - t = 0. Calculate the greatest common factor of h and 121.
11
Suppose 37*v - 205503 - 120282 = 0. Calculate the greatest common factor of 45 and v.
15
Let d(f) = -2*f. Let o be d(-1). Let s(z) = -z**2 + 4*z - 86. Let r be s(0). Let l = -78 - r. What is the highest common factor of o and l?
2
Suppose 181*w - 157341 - 102027 = -247*w. What is the greatest common factor of w and 33?
3
Let g(r) = -3*r**2 + 20*r - 41. Let y be g(11). Let h = -164 - y. Calculate the greatest common divisor of 100 and h.
20
Suppose -13*r = 4*y - 10*r + 2298, -3*y - 1738 = -5*r. Let g = -496 - y. What is the highest common divisor of g and 32?
16
Suppose 0*t + 4*t - 3*l - 1513 = 0, -l = 3. Calculate the greatest common divisor of 40 and t.
8
Suppose -5*j + 2 = 2*x, j + 2*j + 2 = 2*x. Let s be (-2 + 82 - 6) + x*-2. Calculate the greatest common divisor of s and 54.
18
Let z = 33712 + -32980. What is the greatest common divisor of 24 and z?
12
Suppose -4*i + 3*g = -47, 3*i - 57 = -0*i - 5*g. Suppose -l + 34 = -i. What is the highest common factor of 360 and l?
24
Suppose 8*y = -35 + 131. Suppose 0 = -16*t + y*t - 272. Let x = 87 + t. What is the highest common divisor of x and 76?
19
Suppose -3*g + 174 = -492. Let c be (-46 - -47)/(-6*8/(-12432)). What is the highest common divisor of g and c?
37
Let u = -1310 - -2103. What is the highest common factor of 377 and u?
13
Suppose 3*r + r = 3*x - 3096, -4*x = -5*r - 4126. Suppose -d = -5*t + 3*t + 36, 4*d + 96 = 5*t. What is the highest common divisor of x and t?
16
Suppose 4*r = 16, 42031 = 5*m - r - 35765. What is the highest common factor of 40 and m?
40
Suppose -2*t = t - 330. Let x = -80 + t. Calculate the greatest common divisor of 50 and x.
10
Let s = -1234 - -1283. Calculate the greatest common factor of s and 637.
49
Let y = -6682 + 7732. What is the greatest common divisor of y and 78?
6
Let n(z) = 15*z**3 - 2*z**2 - z + 2. Let a be n(2). Suppose -1314 + 264 = -25*t. Calculate the highest common divisor of a and t.
14
Suppose 272*u + 6691 = 26523 + 2472. What is the highest common factor of 2173 and u?
41
Let w = -63 + 68. Suppose -2*j - 4*z - 194 = 0, -w*j - 485 = 3*z - 14. Let y = j - -137. Calculate the highest common factor of y and 11.
11
Let x be (34/(-6))/(2/(-54)). Suppose -3*f + 3*v = -v - x, 5*f + 5*v = 255. Calculate the greatest common divisor of f and 17.
17
Suppose -18*y = -19*y + 4. Let m be y + 2 - 50*-1. What is the highest common factor of 14 and m?
14
Suppose -z + 18*z - 102 = 0. Suppose 0 = -13*i - z*i + 1064. What is the greatest common factor of 70 and i?
14
Let f(g) = -42*g + 43 - 53 + 21 + 88 + 27. Let i be f(-3). Calculate the greatest common factor of 144 and i.
36
Suppose -44*s - 2023 = -61*s. Let r(f) = f**2 - 110. Let x be r(0). Let j = x + s. Calculate the greatest common factor of j and 144.
9
Let n(w) = -4*w**2 + 3*w**2 - 70 + 23*w + 91. Suppose -23 = 230*j - 231*j. Let q be n(j). Calculate the highest common divisor of 3 and q.
3
Suppose -3*k + 410*p + 250 = 405*p, 0 = -5*p - 25. Calculate the highest common divisor of k and 125.
25
Suppose 2*s + 268 = 372. Let y(u) = u**3 - 16*u**2 - 11*u - 6. Let t be y(17). Suppose 268 = i - t. What is the greatest common divisor of i and s?
52
Let w(a) = -a - 83. Let y(p) = -6*p. Let t(o) = -w(o) - 4*y(o). Let m be t(5). Calculate the highest common divisor of 16 and m.
16
Let r(t) = -171*t + 2061. Let x be r(11). What is the highest common factor of 28620 and x?
180
Let o(y) = -483*y - 152. Let i be o(-5). What is the highest common factor of i and 124?
31
Let l = -10283 + 10994. Calculate the greatest common divisor of l and 45.
9
Suppose 4*y = -7*p + 4*p - 1748, 3*y + 1746 = -3*p. Let q be (-28)/238 + p/(-17). What is the greatest common factor of 51 and q?
17
Let x(z) = -6*z + 3*z - 22 - z**2 + 16*z. Let s be x(10). Suppose 224 = 6*g - 2*g. What is the highest common divisor of s and g?
8
Suppose -70*w = -72*w + 372. Suppose -2*p - w = -194. Calculate the greatest common factor of 124 and p.
4
Suppose -g - 5*m = 7, 2*m - 32 + 6 = -4*g. Suppose 6 = -g*z + 7*z. Let l be 8/6*9/z - -11. Calculate the greatest common factor of l and 1.
1
Suppose 1771 + 614 = 9*k. What is the highest common factor of 105 and k?
5
Let a be 58/1 + -5 + (-6)/(-3). Let z be (6/((-60)/a))/(2/4). Let h be 4 + z + 3 + 345. What is the greatest common divisor of h and 31?
31
Let k(x) = -x**2 + 2*x + 10. Let v be k(4). Suppose -4*b - 230 - 22 = 4*h, -b + v*h = 60. Let c = b + 68. Calculate the greatest common factor of 54 and c.
6
Let a = -17 - -175. Let r = a + -156. Calculate the highest common divisor of 6 and r.
2
Suppose 0 = -2*w + 6*w + 3*p - 28, 0 = -w - p + 8. Suppose -24 = -2*k - w*l, 3*k - l + 8 - 51 = 0. Calculate the greatest common divisor of 105 and k.
7
Let w be (-52)/(-13) - -7 - 914*-1. Calculate the greatest common divisor of w and 74.
37
Let f(v) = 15*v + 547. Let s be f(-15). Calculate the greatest common divisor of s and 506.
46
Let b(x) = 24*x**2 - 185*x + 1094. Let k be b(6). Calculate the greatest common divisor of k and 16.
16
Let d be 1832/36 + (42/(-189) - (-1)/3). Calculate the highest common factor of 58701 and d.
51